{"id":146,"date":"2020-10-11T18:07:53","date_gmt":"2020-10-11T16:07:53","guid":{"rendered":"http:\/\/anaischarras.com\/?page_id=146"},"modified":"2026-03-15T10:51:19","modified_gmt":"2026-03-15T09:51:19","slug":"actu","status":"publish","type":"page","link":"https:\/\/anaischarras.com\/?page_id=146","title":{"rendered":"Actu \/ CV"},"content":{"rendered":"\n<p><strong>Actuellement \/ \u00e0 venir<\/strong><br><br>\u2022\u00a0<em>Im Prozess<\/em>, Kulturwerks BBK Bonn, du 7 mars au 9 mai 2026, Pumpwerk Siegburg, Allemagne<br>\u2022\u00a0<em>Paris Print Fair<\/em>, avec la Galerie Nathalie B\u00e9reau, du 26 au 29 mars 2026, Paris<br>\u2022\u00a0<em>Souffle de fer<\/em>, Bastille Design Center, Fondation Pr\u00e9sent, du 17 au 19 avril 2026, Paris<br><em>\u2022\u00a0La Teinte<\/em>, avec Pointe et Burin, du 7 au 30 mai 2026, Fondation Taylor, Paris<br>\u2022\u00a0<em>6e Triennale Internationale de gravure en taille-douce de Lisle-sur-Tarn<\/em> (81), mus\u00e9e Raymond Lafage, juillet > d\u00e9cembre 2026<br><\/p>\n\n\n\n<div class=\"wp-block-group\"><div class=\"wp-block-group__inner-container is-layout-flow wp-block-group-is-layout-flow\">\n<p><strong>Prix et distinctions<\/strong><\/p>\n\n\n\n<p><strong>\u2022&nbsp;<\/strong>Mention sp\u00e9ciale \u00e0 la 12e Triennale mondiale de l\u2019estampe de Chamali\u00e8res 2025<br>\u2022&nbsp;Grand Prix de la 5th International Print Biennale Yerevan, 2025<br><strong>\u2022<\/strong> Prix <em>Paul Gonnand<\/em>, Fondation Taylor, 2025<br><strong>\u2022&nbsp;<\/strong>Prix <em>Art et M\u00e9tiers du Livre<\/em>, Paris 2025<br><em>\u2022&nbsp;Jill Bullen Memorial Award<\/em>, Woolwich Contemporary Print Fair, Londres 2024<br><em>\u2022&nbsp;Printmakers&#8217; Printmaking Prize<\/em>, Woolwich Contemporary Print Fair, Londres 2024<br><strong>\u2022&nbsp;<\/strong>3\u00e8me prix au Concours Ex-Libris <em>R\u00eaver le monde<\/em>, hommage \u00e0 H\u00e9l\u00e8ne Nu\u00e9, Mus\u00e9e de l&#8217;Imprimerie de Nantes, 2024<br><strong>\u2022&nbsp;<\/strong>Nominations au prix <em>GRAVIX<\/em> 2022 et 2024<br><strong>\u2022&nbsp;<\/strong>1er prix au Salon de l\u2019Estampe de Gravelines \u2013 <em>Gravure en Nord<\/em>, 2023<br><strong>\u2022&nbsp;<\/strong>Prix <em>Kiyoshi Hasegawa<\/em>, Fondation Taylor, 2022<br>\u2022&nbsp;<em>Printmaking Today Prize<\/em>, Royal Society of Painter-Printmakers, Londres 2021<br><strong>\u2022&nbsp;<\/strong>1er prix au Prix de peinture et de sculpture de Barbizon, Acad\u00e9mie Jacques Boitiat, 2014<br><strong>\u2022&nbsp;<\/strong>Laur\u00e9ate section \u00ab dessin \u00bb au XVII\u00e8me concours de L\u2019Atelier Z, 2012<br><strong>\u2022&nbsp;<\/strong>Prix Albin Eschbach au Salon des Artistes Fran\u00e7ais, 2011<br><\/p>\n<\/div><\/div>\n\n\n\n<p><strong>Expositions <\/strong><\/p>\n\n\n\n<p><strong><em>2026<\/em><\/strong><\/p>\n\n\n\n<p>\u2022<em>Pourquoi, <\/em>avec Le Trait &#8211; graveurs d&#8217;aujourd&#8217;hui, Fondation Taylor, Paris<br>\u2022&nbsp;Exposition des laur\u00e9ats des Grands Prix de la Fondation Taylor, Paris <br><\/p>\n\n\n\n<p><em><strong>2025<\/strong><\/em><\/p>\n\n\n\n<p>\u2022<strong>&nbsp;<\/strong>22\u00e8me Biennale internationale de la gravure de Sarcelles (95)<br>\u2022&nbsp;V\u0153ux Grav\u00e9s #14, galerie Fabrique Contemporaine, Paris<br>\u2022&nbsp;5th International Print Biennale Yerevan, Arm\u00e9nie<br>\u2022&nbsp;12e Triennale mondiale de l\u2019estampe, Chamali\u00e8res (63)<br>\u2022 23rd International Print Biennial Varna, Bulgarie<br>\u2022&nbsp;<em>Woolwich Contemporary Print Fair<\/em>, Londres<br>\u2022&nbsp;<em>12 Regards Crois\u00e9s<\/em>, H\u00f4tel Boisrot de la Cour, Montlu\u00e7on (03)<br>\u2022&nbsp;Hoshigaoka Sewing Gallery, petits formats, Osaka, Japon<br>\u2022&nbsp;Vrai ou faux par les graveurs du Trait, Galerie de l&#8217;Ang\u00e9lus, Barbizon (77)<br>\u2022&nbsp;<em>Evasions Passag\u00e8res<\/em>, Galerie Nathalie B\u00e9reau, Paris<br><em>\u2022&nbsp;Estampes Auversoises<\/em>, Maison Rose de Wallerand, Auvers-sur-Oise (95)<br><em>\u2022&nbsp;L&#8217;Entaille<\/em>, avec Pointe et Burin, Fondation Taylor, Paris<br><em>\u2022&nbsp;Paris Print Fair<\/em>, avec la Galerie Nathalie B\u00e9reau, Paris<\/p>\n\n\n\n<p><strong><em>2024<\/em><\/strong><\/p>\n\n\n\n<p><strong>\u2022&nbsp;<\/strong>Mini MAXI Print, Galleri Heike Arndt, octobre 2024 &gt; printemps 2025, Berlin<br>\u2022&nbsp;<em>Hors Norme<\/em>, Galerie Nathalie B\u00e9reau, Espace Chapon, Paris<br><em>\u2022&nbsp;Woolwich Contemporary Print Fair, <\/em>Londres<br>\u2022&nbsp;<em>R\u00eaver le monde, <\/em>exposition du Concours Ex-Libris, Mus\u00e9e de l&#8217;Imprimerie de Nantes (44)<br><strong>\u2022&nbsp;<\/strong>1\u00e8re Exposition Internationale de gravure de Ch\u00e2tillon (92)<br>\u2022&nbsp;<em>Exposition du prix GRAVIX, <\/em>Fondation Taylor, Paris<br>\u2022&nbsp;<em>Paris Print Fair, <\/em>avec la galerie Nathalie B\u00e9reau, Paris<br>\u2022&nbsp;<em>A la Plage, <\/em>Galerie Nathalie B\u00e9reau, Port-Bail-Sur-Mer (50)<br>\u2022&nbsp;<em>Fantastique et Onirisme,<\/em> avec Pointe et Burin, Fondation Taylor, Paris<br><strong>\u2022&nbsp;<\/strong>4\u00e8me biennale de gravure de Houdan (78)<br>\u2022&nbsp;<em>Secousse ! <\/em>avec Le Trait &#8211; graveurs d&#8217;aujourd&#8217;hui, Fondation Taylor, Paris<br>\u2022&nbsp;<em>Hors cadres,<\/em> avec Le Trait &#8211; graveurs d\u2019aujourd\u2019hui, La Ruche \u2013 Seydoux, Paris<br>\u2022&nbsp;<em>Impressions, <\/em>Espace d\u2019Art Chailloux, Fresnes (94)<\/p>\n\n\n\n<p><strong><em>2023<\/em><\/strong><\/p>\n\n\n\n<p>\u2022&nbsp;<em>People : mythes et r\u00e9alit\u00e9<\/em>&#8220;, Galerie Nathalie B\u00e9reau, Espace Chapon, Paris<br>\u2022&nbsp;<em>Paris Print Fair<\/em>, avec la galerie Nathalie B\u00e9reau, Paris<br>\u2022&nbsp;<em>International Biennial of Miniature Art Graphics and Drawings-Bitola-IBMB,<\/em> Mac\u00e9doine<br>\u2022&nbsp;<em>OpenPortofolio<\/em> <em>Fig Bilbao<\/em>, Espagne 2023<br><strong>\u2022&nbsp;<\/strong>10\u00e8me Salon de la gravure du manoir de Kerazan, Loctudy (29)<br><strong>\u2022&nbsp;<\/strong>Salon de l&#8217;estampe de Gravelines<em>, Gravure en Nord, <\/em>mus\u00e9e de Gravelines (59)<br>\u2022&nbsp;<em>5\u00e8me Triennale de gravure de Lisle-sur-Tarn, <\/em>Mus\u00e9e Raymond Lafage (81)<br>\u2022&nbsp;<em>Cr\u00e9puscules, <\/em>au 100ECS, Paris<br><strong>\u2022&nbsp;<\/strong>Journ\u00e9e de l\u2019estampe contemporaine de Saint Sulpice, Paris<br><strong>\u2022&nbsp;<\/strong>21\u00e8me Biennale internationale de la gravure de Sarcelles (95)<\/p>\n\n\n\n<p><strong>2022<\/strong><\/p>\n\n\n\n<p><strong>\u2022&nbsp;<\/strong>Exposition du prix <em>GRAVIX<\/em>, Fondation Taylor, Paris<br>\u2022&nbsp;<em>Les petits formats<\/em>, avec La Seine, Paris<br><strong>\u2022&nbsp;<\/strong>7th Graphic Art Biennial of Szeklerland, Roumanie<br>\u2022&nbsp;<em>Multiples #17<\/em>, Morlaix (29)<br>\u2022&nbsp;<em>Tu,<\/em> avec Le Trait &#8211; graveurs d\u2019aujourd\u2019hui, Fondation Taylor, Paris<br>\u2022&nbsp;<em>Graveurs \/\/ Graveuses&nbsp;!<\/em> Aiguillage galerie, Paris<br><strong>\u2022&nbsp;<\/strong>Journ\u00e9e de l\u2019estampe contemporaine de Saint Sulpice, Paris<br><strong>\u2022&nbsp;<\/strong>The Artistic Red Dot, Sabl\u00e9-sur-Sarthe (72)<\/p>\n\n\n\n<p><strong>2021<\/strong><\/p>\n\n\n\n<p>\u2022&nbsp;<em>Mini MAXI Prints, Galleri Heike Arndt, Berlin<\/em><br><strong>\u2022&nbsp;<\/strong>20\u00e8me Biennale internationale de la gravure de Sarcelles (95)<br>\u2022&nbsp;<em>M\u00e9moires,<\/em> avec Arnaud Martin, Openbach Galerie, Paris<br>\u2022&nbsp;<em>Macparis<\/em>, Bastille Design Center, Paris<br>\u2022&nbsp;<em>International Contemporary Engraving Biennial N-E<\/em>, Ia\u0219i Roumanie<br>\u2022&nbsp;<em>International Original Print Exhibition<\/em>&nbsp;\u2013 Royal Society of Painter-Printmakers, Londres<br><strong>\u2022&nbsp;<\/strong>2nd International mini print triennial \u00ab Intaglio \u00bb, Kiev<br><strong>\u2022&nbsp;<\/strong>Journ\u00e9e de l\u2019estampe contemporaine de Saint Sulpice, Paris<br><strong>\u2022&nbsp;<\/strong>2\u00e8me biennale de l\u2019estampe de Saint Pierre le Viger (76)<\/p>\n\n\n\n<p><strong>2020<\/strong><\/p>\n\n\n\n<p>\u2022&nbsp;<em>The hand that prints,<\/em> Beirut Printmaking Studio, Beirut<br>\u2022&nbsp;<em>X chants orphiques pour la nature,<\/em> HCE Galerie, Saint-Denis (93)<br><strong>\u2022&nbsp;<\/strong>Journ\u00e9e de l\u2019estampe contemporaine de Saint Sulpice, Paris<\/p>\n\n\n\n<p><strong>Avant 2020 (s\u00e9lection)<\/strong><\/p>\n\n\n\n<p>\u2022&nbsp;<em>Various PAPER,<\/em> Galerie Jean-Louis Ramand, Paris 2018<br>\u2022&nbsp;<em>Au plus pr\u00e8s de nos secrets, <\/em>Galerie Jean-Louis Ramand, Aix-en-Provence (13) 2018<br><strong>\u2022&nbsp;<\/strong>Salon d\u2019arts plastiques de Ch\u00e2tilllon (92) 2012 \/ 2013 \/ 2014 \/ 2016<br><em>\u2022&nbsp;Portes d\u00e9rob\u00e9es<\/em>, Galerie KO21, Paris 2015<br><strong>\u2022&nbsp;<\/strong>Salon DDessin, Paris 2015 \/ 2016 \/ 2017<br><strong>\u2022&nbsp;<\/strong>Salon des Artistes Fran\u00e7ais, Paris 2011 \/ 2012 \/ 2013 \/ 2014<br><strong>\u2022&nbsp;<\/strong>Acad\u00e9mie Jacques Boitiat, Barbizon (77) 2014 \/ 2015<br>\u2022&nbsp;<em>Mur, murs, \u00e9crits,<\/em> Galerie KO21, Paris 2013<br><strong>\u2022&nbsp;<\/strong> d\u2019Automne, Paris 2013<br><strong>\u2022&nbsp;<\/strong>Galerie Claire Corcia, Paris 2012<br><strong>\u2022&nbsp;<\/strong>4\u00e8me biennale d\u2019art contemporain, Nogent-sur-Marne (94) 2012<br>\u2022&nbsp;<em>Corps, une histoire \u00e0 vivre,<\/em> MAGPI, Grenoble (38) 2012<br>\u2022&nbsp;<em>Troph\u00e9e Alain Godon<\/em>, Le Touquet (92) 2012<br>\u2022&nbsp;<em>Passerelle,<\/em> Ch\u00e2tillon (92) 2012<br><strong>\u2022&nbsp;<\/strong>Salon des Ind\u00e9pendants, Lyon (69) 2012<br>\u2022&nbsp;<em>Juste derri\u00e8re,<\/em> Galerie des Colonnes, Bourg-la-Reine (92) 2011<br>\u2022&nbsp;<em>Un chaos bien rang\u00e9, <\/em>Espace Edwige Feuill\u00e8re, Paris 2011<\/p>\n\n\n\n<p><strong>Publications<\/strong><\/p>\n\n\n\n<p><strong>\u2022&nbsp;<\/strong>Art et M\u00e9tiers du livre n\u00b0362, 2024<br>\u2022&nbsp;<em>Pratiquer la gravure en creux, taille directe<\/em>, Olivier Dekeyser, Editions Eyrolles 2022<br><strong>\u2022&nbsp;<\/strong>Printmaking Today n\u00b031, 2022<br><strong>\u2022&nbsp;<\/strong>Actuel, l\u2019estampe contemporaine n\u00b023, 2022<br>\u2022&nbsp;<em>Autrement que la rive<\/em>, \u00c9ditions Unicit\u00e9, 2017<\/p>\n\n\n\n<p><strong>Vie associative<\/strong> <\/p>\n\n\n\n<p><strong>\u2022&nbsp;<\/strong>Membre du Trait &#8211; Graveurs d&#8217;Aujourd&#8217;hui<br><strong>\u2022&nbsp;<\/strong>Membre du comit\u00e9 Pointe et Burin<br><strong>\u2022&nbsp;<\/strong>Membre de la Fondation Taylor<br><strong>\u2022&nbsp;<\/strong>Intervenante en gravure aupr\u00e8s de Paris Ateliers<\/p>\n\n\n\n<p><\/p>\n","protected":false},"excerpt":{"rendered":"<p>Actuellement \/ \u00e0 venir \u2022\u00a0Im Prozess, Kulturwerks BBK Bonn, du 7 mars au 9 mai 2026, Pumpwerk Siegburg, Allemagne\u2022\u00a0Paris Print Fair, avec la Galerie Nathalie B\u00e9reau, du 26 au 29 mars 2026, Paris\u2022\u00a0Souffle de fer, Bastille Design Center, Fondation Pr\u00e9sent, du 17 au 19 avril 2026, Paris\u2022\u00a0La Teinte, avec Pointe et Burin, du 7 au [&hellip;]<\/p>\n","protected":false},"author":1,"featured_media":0,"parent":0,"menu_order":0,"comment_status":"closed","ping_status":"closed","template":"","meta":{"footnotes":""},"class_list":["post-146","page","type-page","status-publish","hentry"],"_links":{"self":[{"href":"https:\/\/anaischarras.com\/index.php?rest_route=\/wp\/v2\/pages\/146"}],"collection":[{"href":"https:\/\/anaischarras.com\/index.php?rest_route=\/wp\/v2\/pages"}],"about":[{"href":"https:\/\/anaischarras.com\/index.php?rest_route=\/wp\/v2\/types\/page"}],"author":[{"embeddable":true,"href":"https:\/\/anaischarras.com\/index.php?rest_route=\/wp\/v2\/users\/1"}],"replies":[{"embeddable":true,"href":"https:\/\/anaischarras.com\/index.php?rest_route=%2Fwp%2Fv2%2Fcomments&post=146"}],"version-history":[{"count":156,"href":"https:\/\/anaischarras.com\/index.php?rest_route=\/wp\/v2\/pages\/146\/revisions"}],"predecessor-version":[{"id":966,"href":"https:\/\/anaischarras.com\/index.php?rest_route=\/wp\/v2\/pages\/146\/revisions\/966"}],"wp:attachment":[{"href":"https:\/\/anaischarras.com\/index.php?rest_route=%2Fwp%2Fv2%2Fmedia&parent=146"}],"curies":[{"name":"wp","href":"https:\/\/api.w.org\/{rel}","templated":true}]}}

<p><strong>Actuellement / à venir</strong><br><br>• <em>Im Prozess</em>, Kulturwerks BBK Bonn, du 7 mars au 9 mai 2026, Pumpwerk Siegburg, Allemagne<br>• <em>Paris Print Fair</em>, avec la Galerie Nathalie Béreau, du 26 au 29 mars 2026, Paris<br>• <em>Souffle de fer</em>, Bastille Design Center, Fondation Présent, du 17 au 19 avril 2026, Paris<br><em>• La Teinte</em>, avec Pointe et Burin, du 7 au 30 mai 2026, Fondation Taylor, Paris<br>• <em>6e Triennale Internationale de gravure en taille-douce de Lisle-sur-Tarn</em> (81), musée Raymond Lafage, juillet > décembre 2026<br></p>



<div class="wp-block-group"><div class="wp-block-group__inner-container is-layout-flow wp-block-group-is-layout-flow">
<p><strong>Prix et distinctions</strong></p>



<p><strong>•&nbsp;</strong>Mention spéciale à la 12e Triennale mondiale de l’estampe de Chamalières 2025<br>•&nbsp;Grand Prix de la 5th International Print Biennale Yerevan, 2025<br><strong>•</strong> Prix <em>Paul Gonnand</em>, Fondation Taylor, 2025<br><strong>•&nbsp;</strong>Prix <em>Art et Métiers du Livre</em>, Paris 2025<br><em>•&nbsp;Jill Bullen Memorial Award</em>, Woolwich Contemporary Print Fair, Londres 2024<br><em>•&nbsp;Printmakers&#8217; Printmaking Prize</em>, Woolwich Contemporary Print Fair, Londres 2024<br><strong>•&nbsp;</strong>3ème prix au Concours Ex-Libris <em>Rêver le monde</em>, hommage à Hélène Nué, Musée de l&#8217;Imprimerie de Nantes, 2024<br><strong>•&nbsp;</strong>Nominations au prix <em>GRAVIX</em> 2022 et 2024<br><strong>•&nbsp;</strong>1er prix au Salon de l’Estampe de Gravelines – <em>Gravure en Nord</em>, 2023<br><strong>•&nbsp;</strong>Prix <em>Kiyoshi Hasegawa</em>, Fondation Taylor, 2022<br>•&nbsp;<em>Printmaking Today Prize</em>, Royal Society of Painter-Printmakers, Londres 2021<br><strong>•&nbsp;</strong>1er prix au Prix de peinture et de sculpture de Barbizon, Académie Jacques Boitiat, 2014<br><strong>•&nbsp;</strong>Lauréate section « dessin » au XVIIème concours de L’Atelier Z, 2012<br><strong>•&nbsp;</strong>Prix Albin Eschbach au Salon des Artistes Français, 2011<br></p>
</div></div>



<p><strong>Expositions </strong></p>



<p><strong><em>2026</em></strong></p>



<p>•<em>Pourquoi, </em>avec Le Trait &#8211; graveurs d&#8217;aujourd&#8217;hui, Fondation Taylor, Paris<br>•&nbsp;Exposition des lauréats des Grands Prix de la Fondation Taylor, Paris <br></p>



<p><em><strong>2025</strong></em></p>



<p>•<strong>&nbsp;</strong>22ème Biennale internationale de la gravure de Sarcelles (95)<br>•&nbsp;Vœux Gravés #14, galerie Fabrique Contemporaine, Paris<br>•&nbsp;5th International Print Biennale Yerevan, Arménie<br>•&nbsp;12e Triennale mondiale de l’estampe, Chamalières (63)<br>• 23rd International Print Biennial Varna, Bulgarie<br>•&nbsp;<em>Woolwich Contemporary Print Fair</em>, Londres<br>•&nbsp;<em>12 Regards Croisés</em>, Hôtel Boisrot de la Cour, Montluçon (03)<br>•&nbsp;Hoshigaoka Sewing Gallery, petits formats, Osaka, Japon<br>•&nbsp;Vrai ou faux par les graveurs du Trait, Galerie de l&#8217;Angélus, Barbizon (77)<br>•&nbsp;<em>Evasions Passagères</em>, Galerie Nathalie Béreau, Paris<br><em>•&nbsp;Estampes Auversoises</em>, Maison Rose de Wallerand, Auvers-sur-Oise (95)<br><em>•&nbsp;L&#8217;Entaille</em>, avec Pointe et Burin, Fondation Taylor, Paris<br><em>•&nbsp;Paris Print Fair</em>, avec la Galerie Nathalie Béreau, Paris</p>



<p><strong><em>2024</em></strong></p>



<p><strong>•&nbsp;</strong>Mini MAXI Print, Galleri Heike Arndt, octobre 2024 &gt; printemps 2025, Berlin<br>•&nbsp;<em>Hors Norme</em>, Galerie Nathalie Béreau, Espace Chapon, Paris<br><em>•&nbsp;Woolwich Contemporary Print Fair, </em>Londres<br>•&nbsp;<em>Rêver le monde, </em>exposition du Concours Ex-Libris, Musée de l&#8217;Imprimerie de Nantes (44)<br><strong>•&nbsp;</strong>1ère Exposition Internationale de gravure de Châtillon (92)<br>•&nbsp;<em>Exposition du prix GRAVIX, </em>Fondation Taylor, Paris<br>•&nbsp;<em>Paris Print Fair, </em>avec la galerie Nathalie Béreau, Paris<br>•&nbsp;<em>A la Plage, </em>Galerie Nathalie Béreau, Port-Bail-Sur-Mer (50)<br>•&nbsp;<em>Fantastique et Onirisme,</em> avec Pointe et Burin, Fondation Taylor, Paris<br><strong>•&nbsp;</strong>4ème biennale de gravure de Houdan (78)<br>•&nbsp;<em>Secousse ! </em>avec Le Trait &#8211; graveurs d&#8217;aujourd&#8217;hui, Fondation Taylor, Paris<br>•&nbsp;<em>Hors cadres,</em> avec Le Trait &#8211; graveurs d’aujourd’hui, La Ruche – Seydoux, Paris<br>•&nbsp;<em>Impressions, </em>Espace d’Art Chailloux, Fresnes (94)</p>



<p><strong><em>2023</em></strong></p>



<p>•&nbsp;<em>People : mythes et réalité</em>&#8220;, Galerie Nathalie Béreau, Espace Chapon, Paris<br>•&nbsp;<em>Paris Print Fair</em>, avec la galerie Nathalie Béreau, Paris<br>•&nbsp;<em>International Biennial of Miniature Art Graphics and Drawings-Bitola-IBMB,</em> Macédoine<br>•&nbsp;<em>OpenPortofolio</em> <em>Fig Bilbao</em>, Espagne 2023<br><strong>•&nbsp;</strong>10ème Salon de la gravure du manoir de Kerazan, Loctudy (29)<br><strong>•&nbsp;</strong>Salon de l&#8217;estampe de Gravelines<em>, Gravure en Nord, </em>musée de Gravelines (59)<br>•&nbsp;<em>5ème Triennale de gravure de Lisle-sur-Tarn, </em>Musée Raymond Lafage (81)<br>•&nbsp;<em>Crépuscules, </em>au 100ECS, Paris<br><strong>•&nbsp;</strong>Journée de l’estampe contemporaine de Saint Sulpice, Paris<br><strong>•&nbsp;</strong>21ème Biennale internationale de la gravure de Sarcelles (95)</p>



<p><strong>2022</strong></p>



<p><strong>•&nbsp;</strong>Exposition du prix <em>GRAVIX</em>, Fondation Taylor, Paris<br>•&nbsp;<em>Les petits formats</em>, avec La Seine, Paris<br><strong>•&nbsp;</strong>7th Graphic Art Biennial of Szeklerland, Roumanie<br>•&nbsp;<em>Multiples #17</em>, Morlaix (29)<br>•&nbsp;<em>Tu,</em> avec Le Trait &#8211; graveurs d’aujourd’hui, Fondation Taylor, Paris<br>•&nbsp;<em>Graveurs // Graveuses&nbsp;!</em> Aiguillage galerie, Paris<br><strong>•&nbsp;</strong>Journée de l’estampe contemporaine de Saint Sulpice, Paris<br><strong>•&nbsp;</strong>The Artistic Red Dot, Sablé-sur-Sarthe (72)</p>



<p><strong>2021</strong></p>



<p>•&nbsp;<em>Mini MAXI Prints, Galleri Heike Arndt, Berlin</em><br><strong>•&nbsp;</strong>20ème Biennale internationale de la gravure de Sarcelles (95)<br>•&nbsp;<em>Mémoires,</em> avec Arnaud Martin, Openbach Galerie, Paris<br>•&nbsp;<em>Macparis</em>, Bastille Design Center, Paris<br>•&nbsp;<em>International Contemporary Engraving Biennial N-E</em>, Iași Roumanie<br>•&nbsp;<em>International Original Print Exhibition</em>&nbsp;– Royal Society of Painter-Printmakers, Londres<br><strong>•&nbsp;</strong>2nd International mini print triennial « Intaglio », Kiev<br><strong>•&nbsp;</strong>Journée de l’estampe contemporaine de Saint Sulpice, Paris<br><strong>•&nbsp;</strong>2ème biennale de l’estampe de Saint Pierre le Viger (76)</p>



<p><strong>2020</strong></p>



<p>•&nbsp;<em>The hand that prints,</em> Beirut Printmaking Studio, Beirut<br>•&nbsp;<em>X chants orphiques pour la nature,</em> HCE Galerie, Saint-Denis (93)<br><strong>•&nbsp;</strong>Journée de l’estampe contemporaine de Saint Sulpice, Paris</p>



<p><strong>Avant 2020 (sélection)</strong></p>



<p>•&nbsp;<em>Various PAPER,</em> Galerie Jean-Louis Ramand, Paris 2018<br>•&nbsp;<em>Au plus près de nos secrets, </em>Galerie Jean-Louis Ramand, Aix-en-Provence (13) 2018<br><strong>•&nbsp;</strong>Salon d’arts plastiques de Châtilllon (92) 2012 / 2013 / 2014 / 2016<br><em>•&nbsp;Portes dérobées</em>, Galerie KO21, Paris 2015<br><strong>•&nbsp;</strong>Salon DDessin, Paris 2015 / 2016 / 2017<br><strong>•&nbsp;</strong>Salon des Artistes Français, Paris 2011 / 2012 / 2013 / 2014<br><strong>•&nbsp;</strong>Académie Jacques Boitiat, Barbizon (77) 2014 / 2015<br>•&nbsp;<em>Mur, murs, écrits,</em> Galerie KO21, Paris 2013<br><strong>•&nbsp;</strong> d’Automne, Paris 2013<br><strong>•&nbsp;</strong>Galerie Claire Corcia, Paris 2012<br><strong>•&nbsp;</strong>4ème biennale d’art contemporain, Nogent-sur-Marne (94) 2012<br>•&nbsp;<em>Corps, une histoire à vivre,</em> MAGPI, Grenoble (38) 2012<br>•&nbsp;<em>Trophée Alain Godon</em>, Le Touquet (92) 2012<br>•&nbsp;<em>Passerelle,</em> Châtillon (92) 2012<br><strong>•&nbsp;</strong>Salon des Indépendants, Lyon (69) 2012<br>•&nbsp;<em>Juste derrière,</em> Galerie des Colonnes, Bourg-la-Reine (92) 2011<br>•&nbsp;<em>Un chaos bien rangé, </em>Espace Edwige Feuillère, Paris 2011</p>



<p><strong>Publications</strong></p>



<p><strong>•&nbsp;</strong>Art et Métiers du livre n°362, 2024<br>•&nbsp;<em>Pratiquer la gravure en creux, taille directe</em>, Olivier Dekeyser, Editions Eyrolles 2022<br><strong>•&nbsp;</strong>Printmaking Today n°31, 2022<br><strong>•&nbsp;</strong>Actuel, l’estampe contemporaine n°23, 2022<br>•&nbsp;<em>Autrement que la rive</em>, Éditions Unicité, 2017</p>



<p><strong>Vie associative</strong> </p>



<p><strong>•&nbsp;</strong>Membre du Trait &#8211; Graveurs d&#8217;Aujourd&#8217;hui<br><strong>•&nbsp;</strong>Membre du comité Pointe et Burin<br><strong>•&nbsp;</strong>Membre de la Fondation Taylor<br><strong>•&nbsp;</strong>Intervenante en gravure auprès de Paris Ateliers</p>



<p></p>

<p>Actuellement / à venir • Im Prozess, Kulturwerks BBK Bonn, du 7 mars au 9 mai 2026, Pumpwerk Siegburg, Allemagne• Paris Print Fair, avec la Galerie Nathalie Béreau, du 26 au 29 mars 2026, Paris• Souffle de fer, Bastille Design Center, Fondation Présent, du 17 au 19 avril 2026, Paris• La Teinte, avec Pointe et Burin, du 7 au [&hellip;]</p>
